 2*n**2 - 9*n + 3. Suppose 0*o - 2*o + 46 = -2*h, -4*o = -5*h - 120. Let d = -33 - h. Is a(d) composite?
True
Let b = 31 - 51. Is (10/b)/(2/(-188)) a prime number?
True
Suppose -s + 4 = -0, 0 = 2*f - 2*s - 2546. Is f prime?
True
Let i = 22 - 20. Suppose -5*g + 4*u + 905 = 0, 3*u + 543 = g + i*g. Is g a prime number?
True
Let q be (-4)/2 + 1 - 1. Let t be (39 + -5)/(q/(-8)). Let r = 293 - t. Is r composite?
False
Let w = 1063 - 404. Is w a prime number?
True
Let k(u) = 2*u + 31587. Is k(0) a composite number?
True
Let u = 22 - 20. Suppose u*g = 3*r + r - 2236, -r = -4*g - 573. Is r prime?
True
Suppose 2*y + 4 = 0, -3*z + 0 = -2*y - 67. Is (z/14)/(1/2) + 2056 prime?
False
Let d(g) = g - 4. Let k be d(8). Suppose y = k*v + 681, -y - v + 389 + 302 = 0. Is y a composite number?
True
Suppose -1 = -4*d - 1. Suppose 17*k - 18*k + 1009 = d. Is k composite?
False
Is 37130 + (-19 - (-13 + 5)) a prime number?
False
Suppose 0 = -2*n - 273 + 33. Let g = n - -187. Is g composite?
False
Suppose -h + 10892 = 3*h + 2*b, b - 8168 = -3*h. Is h composite?
True
Suppose -g - 4 = 7*n - 2*n, 4*n = -4. Let a(x) = 59*x**3 + 3*x - 2. Let f be a(g). Let d = -41 + f. Is d a composite number?
False
Let l be -1 - -2 - (5 - 1). Suppose 7*d + 47 = -16. Is (-1)/(l/d) - -256 a prime number?
False
Suppose n + n = -v - 28, 4*v + 64 = -4*n. Let x be ((-6)/(-9))/(2/n). Let t(w) = -105*w - 1. Is t(x) composite?
False
Let z = 56414 - 23883. Is z prime?
True
Suppose 5*n - 6100 + 19303 = -2*q, 3*n + 7913 = q. Let j = 4206 + n. Is j a composite number?
False
Let t(x) = -300*x**2 + 2*x - 1. Let d be t(2). Let l = 544 + -552. Is d/(-11) - l/44 composite?
False
Let c be (-2892)/(-21) - (-4)/14. Suppose 2*s - x - c = 0, -3*x + x + 193 = 3*s. Is s a composite number?
False
Let k = 823 - -525. Let a = 7 - 4. Suppose 7*p - k = a*p. Is p prime?
True
Let p(c) = -614*c + 181. Is p(-6) prime?
False
Let d(h) = -h**3 + 61*h**2 - 20*h - 41. Is d(56) a composite number?
False
Suppose -5*v + 5*f - 280 = -1135, 879 = 5*v + 3*f. Let d be (6/2)/(2/v). Suppose 7*l + 3*i - d = 2*l, -4*l = 2*i - 208. Is l prime?
False
Let g be 18*(2/3)/2. Suppose 0 = 2*n - g*n + 16. Suppose t = n*v + 46, 4*t - 121 = v + 108. Is t a prime number?
False
Suppose -x - 3*b + 4 + 9 = 0, b + 59 = 3*x. Let w = x + -13. Is 609*(2/w + 0) a composite number?
True
Let u be ((-90)/(-24))/(1/8). Is (-554)/(-4*5/u) prime?
False
Let d = -5680 - -8687. Is d a prime number?
False
Let u(x) = 2*x + 13. Let v be u(-8). Let a(c) = c**3 + 3*c**2 - 4. Let o be a(v). Is 128 + o - (-8)/(-4) a composite number?
True
Let c(s) = -s**3 - s**2 + 11*s - 23. Is c(-8) a composite number?
False
Let z be 74/(-8) - (76/16 + -5). Is 3/z - 10/6 - -613 prime?
False
Let y = -322 + 719. Is y prime?
True
Is 23079 - (80 - -10)/(-9) a composite number?
True
Let b be (1 - 12/10) + (-408114)/(-70). Suppose 0 = -2*t + b + 464. Is t a composite number?
True
Let s(t) = 2 + 772*t + 2 - 10. Is s(2) a composite number?
True
Let k(c) = 48*c - 31. Let u = 25 - 15. Is k(u) composite?
False
Suppose 5*b = -5*b + 40. Is b/30 - (-59332)/60 a prime number?
False
Suppose 0*t + 5 = -4*r - t, -5*t = r + 6. Let g(d) = 774*d**2 - 3. Is g(r) a composite number?
True
Let t = -1388 + 19005. Is t a prime number?
False
Suppose 5*g = -3*f + 170612, -3*f + 18595 = 2*g - 49648. Is g a prime number?
True
Let t(k) = -6196*k - 35. Let x(r) = 3098*r + 17. Let s(z) = 6*t(z) + 13*x(z). Is s(1) prime?
True
Suppose 0 = -19*r + 16*r + 63. Suppose r*k + 471 = 22*k. Is k a prime number?
False
Let i(s) be the first derivative of -s**3/3 - 2*s**2 + 5*s + 3. Let c be i(-4). Suppose -5*m = 3*u - 0*u - 116, 184 = c*u - m. Is u composite?
False
Suppose -4*m - 7 = -2*m + 5*p, 0 = 3*m - 5*p - 52. Let t(i) = 10*i + 53. Is t(m) prime?
False
Let j(s) = 53*s. Let o be j(-2). Let z = o + 219. Is z a prime number?
True
Let t be ((-4664)/(-12) + -8)*(-21)/(-2). Let i = t - 2158. Is i prime?
False
Suppose 3*l - 111108 = -3*d, 6*d + 185177 = 11*d + 4*l. Is d composite?
True
Let r = -657 + 6940. Is r composite?
True
Let b = -24 - -23. Is 163/((-1)/3*b) prime?
False
Suppose -35*i + 33*i - u + 37803 = 0, -u - 94490 = -5*i. Is i prime?
True
Let j = 120828 - 36149. Is j a prime number?
False
Let o = 2135 + 24684. Is o prime?
False
Let b be (21/14)/(2/4). Let n(q) = 0 - 4*q + 8*q + b*q - 1. Is n(9) a composite number?
True
Suppose -5*s + 5*i = -27170, -3*s - 2*s - 2*i + 27177 = 0. Is s composite?
True
Let o be 38/(-5) + (-12)/30. Let y be (-6)/o + 27/12. Suppose -2*s = -s - 2, 0 = y*l - 4*s - 589. Is l composite?
False
Let k be (-2)/(-5) + 8/(-20). Suppose -2*g - i + 1652 - 345 = k, 3*i = -4*g + 2611. Suppose 0 = 5*f + 4*w - 2*w - g, -3*f + 419 = -4*w. Is f a composite number?
True
Let k = 47404 + -28133. Is k prime?
False
Let i(z) = -1312*z**3 + 3*z**2 + 4*z + 2. Suppose 0 = f + 3 - 2. Is i(f) composite?
True
Let b = 91 + -76. Is ((-2)/((-6)/4327))/(5/b) a prime number?
True
Let w = -3 + -27. Is 526/10 + -3*4/w a prime number?
True
Let w(u) = -92*u**2 - 41*u - 47. Let h(x) = -31*x**2 - 14*x - 16. Let c(i) = 17*h(i) - 6*w(i). Let m be c(-6). Suppose -2947 = -3*t - m. Is t a prime number?
False
Let k = 43 - -35. Let q = k + 575. Suppose -q = -5*l - v, -3*l - 127 = -4*l - 2*v. Is l prime?
True
Suppose 3*x + 0*x - 36 = 0. Suppose 4*b - 21 = -g, -3*g - 5 = 2*b - 7*b. Is x/20 + 562/g a composite number?
False
Is -459537*-1*3/9 prime?
False
Suppose 4*o = 1502 + 186. Suppose -2*v - 5*t = -17, 29 = -4*v + 3*v + 5*t. Is o*(v/(-8) + 0) a prime number?
True
Let x = 17072 + 13341. Is x a prime number?
False
Suppose -8*m = -7*m - 4. Let t(r) = 289*r**2 - r + 1. Is t(m) prime?
True
Let n be ((-20)/4)/(1/(-4683)). Suppose 5*o = -3*m + n, 2*m + 4*o + 15610 = 4*m. Suppose 4*f - m = -f. Is f composite?
True
Let k(l) be the first derivative of l**4/4 + 16*l**3/3 - l**2 + 2*l + 7. Is k(-11) prime?
False
Let n be (5 + -4)/((-3)/(-39)). Let j(h) = h**2 - 7*h + 10. Let p be j(8). Let c = p + n. Is c a prime number?
True
Is ((-19870)/6 - -4)/((-10)/30) a prime number?
True
Let s be (0 + 6/(-4))*(-6)/3. Suppose 0 = 5*n - s*o - 1679, 2*o = 4*n + 3*o - 1350. Is n composite?
False
Let n = 3567 + -2500. Is n a composite number?
True
Suppose 0 = 2*r - 7 - 3. Suppose -2*c = q - 80 - 123, -613 = -3*q - r*c. Is q a prime number?
True
Suppose 2*f - 5*q + 4217 = 5*f, -5*q - 10 = 0. Is f composite?
False
Suppose 5*d - 4*d = 0. Suppose 5*f = k + 1897, 4*k = -d*f - 4*f + 1508. Is f a prime number?
True
Suppose -3 = -3*g - l - 36, -5*g = 3*l + 59. Is (4 + 1)*(-3846)/g*1 a composite number?
True
Is (-9981)/(-6)*(3 + -1 - 0) a composite number?
True
Suppose -6 = -5*f - 51. Let n be (3/3)/(4/(-4)). Is -12*66/f - n a prime number?
True
Suppose -5*a = 5*o, -5*o + 3 - 13 = 0. Let y(f) = 2 - f + 39*f**a + 5 - 2 - 4. Is y(1) a composite number?
True
Let z be 2/(-4) + -2*(-6)/(-8). Is z/9 + (-4331)/(-9) a prime number?
False
Suppose 0*m - m = -3*f - 7, -m = -5*f - 17. Suppose -4572 = -4*v - j, 0 = -4*v - 6*j + 3*j + 4580. Is (v/m)/((-11)/44) composite?
False
Suppose -6*d = -13*d + 25109. Is d prime?
False
Let r(b) = 821*b**2 + 11*b + 2 + 0 - 9*b. Is r(-1) a composite number?
False
Let z = 8985 - 2318. Is z composite?
True
Suppose -5*i - 442 = -112. Let z = i - -320. Is z composite?
True
Let r = -1455 + 894. Let k = r + 1032. Is k composite?
True
Let p(q) be the third derivative of -q**6/20 + q**5/30 + q**4/12 + q**3/6 + q**2. Let c be p(-1). Let t(z) = 21*z + 10. Is t(c) a prime number?
True
Suppose -3*j + 20707 = -2*m, 5*j - 6*m + m = 34520. Is j a composite number?
False
Suppose -5*t + 9 = -2*b, 0 = -2*b - 5*t + 12 + 9. Suppose 4*n - 19 = b*n. Let s = n + 6. Is s a composite number?
True
Let n(f) = -6*f - 1. Let l be n(-1). Suppose 22*j - 21576 = -2*j. Suppose 4*r = -0*a + l*a + 3533, 4*a - j = -r. Is r a prime number?
True
Suppose -91*l + 92*l - 31 = -3*m, 5*m + 121 = 3*l. Is l a composite number?
False
Is (7609/(-21))/((1 - -2)/(-9)) a composite number?
False
Let d(n) = n**3 - n**2 - 5*n + 2. Let g be d(3). Suppose -g*h + 4*h - 3*p = 11, 10 = -2*p. Is (-11 - 1)/h + 250 prime?
False
Let o = 3356 - 1971. Is o prime?
False
Let d be 1/(-1 + (-35)/(-30)). Suppose 0 = -8*i + 3*i, -r - 5*i - d = 0. Is 5918/4 + r/(-4) a composite number?
False
Suppose -2*m - 3 = u - 0*u, 5*u - 